s + 1617 = h. What are the prime factors of h?
1627
Suppose 3125 = 5*l + 5*b, -4*l - 3*b = 28 - 2533. What are the prime factors of l?
2, 3, 5, 7
Suppose -3*g + 39 = -6. Suppose 5*b - u = 1114, 5*b - 1104 - g = -4*u. What are the prime factors of b?
223
Let v = -466 - 773. Let z be v/(-28) + (-2)/8. Suppose -w - 4*w = 2*k - 50, -2*w = 2*k - z. What are the prime factors of k?
2, 5
Suppose -2*o = -2, 7 = 2*g + 5*o - 2. Suppose 0 = 2*n - 3 - 41. Suppose -g*b + n = -b. List the prime factors of b.
2, 11
Let t = -388 - -1443. List the prime factors of t.
5, 211
Let u = 17 - 17. Let c = 24 - u. What are the prime factors of (c/(-10))/((-1)/15)?
2, 3
Let p(w) = w**2 - 13*w + 4. Let y be p(13). Suppose 5*q = y*q. Suppose 0*d + d - 3 = q. What are the prime factors of d?
3
Let j(g) = -551*g + 3. List the prime factors of j(-6).
3, 1103
Suppose -4*n - n = 4*v, -4*v - n = 0. Suppose 0 = -5*l - t + 190, v*l + 4*t = l - 59. List the prime factors of l.
3, 13
Suppose 14323 = 34*j + 247. What are the prime factors of j?
2, 3, 23
Suppose -8 = -3*f + 7. Let d(i) = -i**3 + 8*i**2 - 4*i + 2. Let y be d(5). Suppose -3*a - 3*m + y = -0*a, -f*m + 7 = a. List the prime factors of a.
2, 11
Let a = 13 - 12. What are the prime factors of ((-63)/14)/(a/(-14))?
3, 7
Let w = 14 - 9. Let v = w - 0. Suppose -4*f - 3*r = -150, v*r + 0*r = 5*f - 170. List the prime factors of f.
2, 3
What are the prime factors of (-6078)/(-12) + (-9)/6?
5, 101
Let o = -34 + -36. Let p be (12/10)/(3/o). What are the prime factors of (-21)/p - 90/(-8)?
2, 3
Suppose -3*x - 3 - 15 = 0. Let d(l) = l**3 + 5*l**2 - 9*l - 15. Let a be d(x). Suppose -232 + 46 = -a*w - 5*p, -62 = -w + p. What are the prime factors of w?
2, 31
Suppose 3*b + 69 = 21. Suppose 0 = -3*j - 2*d - 26 + 123, -5*d - 55 = -j. Let u = j + b. List the prime factors of u.
19
Let s be ((-12)/9 + 0)*6. Let i(b) be the first derivative of b**3 + 10*b**2 + b - 5. List the prime factors of i(s).
3, 11
Suppose 20 = -2*z + 6*z - 2*n, 14 = 3*z - 2*n. Let t(b) be the first derivative of 5*b**2/2 + 2*b - 177. What are the prime factors of t(z)?
2
Suppose -4906 = 51*q - 53*q + 2*l, -5*q - 5*l = -12215. List the prime factors of q.
2, 3, 17
Let y(p) = p**2 - 15*p - 16. Let u be y(15). Let r = 90 + u. What are the prime factors of r?
2, 37
Let b(f) be the third derivative of -41*f**4/24 + f**3/6 + 6*f**2. What are the prime factors of b(-1)?
2, 3, 7
Suppose -3*c - c - 524 = 4*a, 2*c = 5*a + 690. Let l be a/(-12) + 2/3. Suppose m + m - l = 0. What are the prime factors of m?
2, 3
Suppose 0 = 4*y - 15 - 37. Let w(b) = -b**3 + 13*b**2 + 6*b - 2. What are the prime factors of w(y)?
2, 19
Suppose -26*j + 6*j + 19880 = 0. What are the prime factors of j?
2, 7, 71
Let x(c) = 22 + 21 - 79*c - 47. List the prime factors of x(-1).
3, 5
Suppose -6 = 2*o + 30. List the prime factors of (-832)/o + 10/(-45).
2, 23
List the prime factors of ((-1)/2 - -1)/((-25)/(-130050)).
3, 17
Let g = 11 - -21. Suppose -g = 2*f - 4*q, 2*f + 48 = -f - q. List the prime factors of 29/(-4*4/f).
29
Let p = -206 + 244. Let h = 7 + -17. Let l = h + p. What are the prime factors of l?
2, 7
List the prime factors of 62/((-5 - -9)/56).
2, 7, 31
Let h = -114 + 117. Suppose -l - 4*a + 167 = 0, 4*a + 462 = h*l + 3*a. List the prime factors of l.
5, 31
Suppose -3*l = 1 + 2. Let c be l*8/4 + 5. Suppose -2*y + c*k + 111 = 0, -3*y + 150 + 13 = -k. List the prime factors of y.
2, 3
Suppose 1502 = -45*c + 45197. What are the prime factors of c?
971
Let p = 2921 + -1680. What are the prime factors of p?
17, 73
Suppose -20 = 6*t - 50. Suppose 0*a = t*a - 315. Let c = a - 25. What are the prime factors of c?
2, 19
Let q be -3*(12/4 + -6). Suppose -q*m = -7*m + 48. Let j = 44 + m. What are the prime factors of j?
2, 5
Let z(w) = -2*w + 5. Let j be z(-8). Let x = j + -18. What are the prime factors of x?
3
List the prime factors of 2/(-11) - 1/((-44)/15276).
347
Suppose 3*j = 62 + 82. Let u be (-6)/(0 - (1 - -1)). Suppose u*b = 63 + j. What are the prime factors of b?
37
Let s(n) = -5*n**3 - 4*n**2 - n + 2. Suppose 5*p = -5*b - 0*p + 15, 5*b + 35 = 5*p. What are the prime factors of s(b)?
2, 7
Suppose 0*j - j = -16. Suppose -5*d - 9 - j = -u, -3*d - 15 = 0. Suppose h - 2*h + 27 = u. List the prime factors of h.
3
Let p(i) be the third derivative of -i**4/24 - 13*i**3/6 - i**2. Let h be p(-14). List the prime factors of 11 + 16/(-4) + h.
2
Let g = -8 - -12. Suppose -3*p - 193 = -2*k, g*p - 69 = -4*k + 3*k. List the prime factors of k.
89
Let r be (-168)/20*80/(-6). Suppose -r = -w - 3*w. What are the prime factors of w?
2, 7
Let m be (4 + -1)*2*(-453)/(-6). Suppose 5*t + 0*j - m = j, -t = -j - 93. List the prime factors of t.
2, 3, 5
Let l(p) = 94*p**3 - p**2 - 2*p - 1. Let r be l(-1). Let o = r + 160. What are the prime factors of o?
2, 3, 11
Suppose f = -5*z + 175, 2*z = -2*f + 153 + 181. What are the prime factors of (-1)/(-7) - f/(-21)?
2
Let x = 2607 + -1683. List the prime factors of x.
2, 3, 7, 11
Suppose 0 = -3*w - 3, 12*h - 9*h + 3*w = 1110. What are the prime factors of h?
7, 53
Let i = -367 - -824. What are the prime factors of i?
457
Let q(b) = -238*b + 94. List the prime factors of q(-5).
2, 3, 107
Let f(l) = -139 + 284 + 5*l - 2*l**3 + 16*l**2 - 135. List the prime factors of f(7).
11, 13
Suppose 5*u = -2*r + 6*r + 960, -5*u + 960 = 4*r. Suppose -2*s = -4*q - 188, 2*s + u = -4*q + 3*s. List the prime factors of 3/(193/q + 4).
7
Let o be -1*(-3)/(-12) + 798/56. Suppose 4*w + 2*c - 630 = 0, 10*c - 5*c = 4*w - 609. Suppose -5*y + o + w = 0. List the prime factors of y.
2, 17
Suppose 0 = 2*w - 3*x - x - 976, 2*w = -4*x + 1000. List the prime factors of w/14 - (-4)/(-14).
5, 7
Suppose -2*k + 1 + 9 = 0, -15 = -5*r + 4*k. Suppose 0 = c, -3*c - 56 = 3*z + r. Let l = 38 + z. List the prime factors of l.
17
Suppose 0 = -3*z - h - 27, -5*h + 2 = -4*z - 34. Let y(g) = -g**2 + g - 2. Let r be y(-3). Let f = z - r. What are the prime factors of f?
5
Suppose 4416 = 9*c - 17*c. Let t = -386 - c. What are the prime factors of t?
2, 83
Let h(j) = 13*j**2 + 882. List the prime factors of h(0).
2, 3, 7
Suppose -2*n = 5*i + 554, 0 = -5*i + n + 3*n - 572. Let t = i - -176. What are the prime factors of t?
2
Let y be (-43)/(-9) + 10/45. Suppose -5*v = -2*b + 30, -y*b - 2*v + 60 = -7*v. What are the prime factors of ((-25)/b)/((-3)/30)?
5
Let m = 485 - 308. List the prime factors of m.
3, 59
Suppose 0 = -3*m + 2 - 20. What are the prime factors of (-6612)/(-72) + (-1)/m?
2, 23
Let h(u) = 2*u - 3. Let y be h(4). Suppose -4*t = -y*t + 71. What are the prime factors of t?
71
Let a(p) = -p**3 + p**2 - p - 1. Let t(c) = 24*c**3 - 2. Let q(v) = -a(v) + t(v). What are the prime factors of q(1)?
2, 3
Suppose -4*o = 20, -6*x + x - 5*o = 5. Suppose x = t - 17. List the prime factors of t.
3, 7
Let p = -88 - -221. Suppose -g - p = -13. List the prime factors of (-20)/6*g/16.
5
Let p = -146 + 165. List the prime factors of p.
19
List the prime factors of ((-1403)/(-69))/(2 + 116/(-60)).
5, 61
Suppose 9 = -g - 3*s, 0 = 3*g - 4*s - 7 - 5. Suppose 0 = -p + 3*j - 14, p = -g*j + 2*j - 9. Let t = 1 + p. List the prime factors of t.
2
Let g = -21 + 27. Suppose -4*x = -g - 2. Suppose 3*a - 51 = 2*a - 5*j, -3*j + 102 = x*a. What are the prime factors of a?
3, 17
Suppose h - 1 = -2. What are the prime factors of (h - (-3 + -100)) + -4?
2, 7
Let z be (-9)/(-54) - 551/(-6). Let w = z - -55. What are the prime factors of w?
3, 7
Let r = -28 - -136. Suppose -26*o + 32*o - r = 0. What are the prime factors of o?
2, 3
Let q(z) = -z**2 + 14*z - 9. Let y(j) = -13*j + 7*j + 4*j + 4. Let c be y(-4). What are the prime factors of q(c)?
3, 5
Suppose 152 = 2*v + 2*p - 296, 3*v - 637 = 4*p. List the prime factors of v.
3, 73
Suppose 25*j + 0*j - 5325 = 0. List the prime factors of j.
3, 71
Let c be 8/(-3)*(63/28 + 3). Let d = 13 - -7. Let r = d + c. What are the prime factors of r?
2, 3
Let m = -16 - -18. Suppose 2*c = -m*c + 268. List the prime factors of c.
67
Let i = 307 + -110. Let d = 15 + i. What are the prime factors of d?
2, 53
Let n(x) = x**3 + 5*x**2 + 2. Let v be n(-5). Let f be v*((-13)/2)/(-1). List the prime factors of f + (-4 - 0)/4.
2, 3
Let b = 4929 + -2948. List the prime factors of b.
7, 283
Let p(h) = -h**3 - 5*h**2 -